et l(s) = s**3 + 16*s**2 + 31*s + 49. Let r = 1286 + -1300. Calculate l(r).
7
Let b(c) be the third derivative of -c**6/360 + c**5/30 - c**4/8 - 62*c**3/3 - 38*c**2 + 3*c. Let r(g) be the first derivative of b(g). Determine r(7).
-24
Let j(t) = -t**2 - 9. Let f = 1729 + -1729. Calculate j(f).
-9
Suppose 14*l - 2153 = -2083. Let q(c) be the second derivative of 1/6*c**3 + 15/2*c**2 - 1/20*c**5 + 0 - 1/12*c**4 + l*c. Determine q(0).
15
Let v = 33 + 76. Suppose 4*y - 3*d = v, 5*d = y + 2*d - 25. Suppose 20*w - y = 27*w. Let f(h) = h**2 + 3*h - 1. What is f(w)?
3
Suppose -3*r = 2*d - 6, 2*r + 3*r = -d + 3. Let a(j) = 125615 - j**2 + 8*j**2 - 6*j**2 - 125585. Give a(r).
30
Let f be (0 + 2)*(-6)/(36/(-15)). Suppose 0 = -4*z - 2*b + 10, 2*b - f*b + 15 = 0. Let q(k) = k + 6. Calculate q(z).
6
Let j(p) = 8*p**2 - 6*p - 8. Let g = -25360 - -25358. Calculate j(g).
36
Let x(k) = -k**2 + 8*k - 8. Let i be x(6). Let b = 7 - i. Let h(n) = 9*n + 2. Let l(s) = 13*s + 2. Let g(f) = 6*h(f) - 4*l(f). Give g(b).
10
Let f(a) = -a**2 + 6*a - 6. Let s(d) = -d + 7. Let x(m) = -m**2 + 15*m + 14. Let i be x(15). Let z be s(i). Let p = z + 12. Determine f(p).
-1
Let g(z) be the second derivative of 0 + 38*z - 3/2*z**3 + 7/2*z**2 + 1/12*z**4. Give g(5).
-13
Let d(s) = 4*s**2 + 3*s**2 - 6*s**2 + 14*s + 13. Let c be (-56 + 70)*(5 + -6). Give d(c).
13
Let h(d) = d**3 - 2*d**2 - 2*d - 1. Let w(q) be the first derivative of -4*q**3/3 - q**2/2 + 3*q - 28. Let p be w(0). Determine h(p).
2
Suppose 261 - 229 = -4*r. Let f(l) = 11*l - 35. Let b(z) = 2*z - 6. Let h(g) = -34*b(g) + 6*f(g). Determine h(r).
10
Let t(v) = 2*v - 15. Let d be 63/6*(-12)/8*(-16)/21. Determine t(d).
9
Let z(j) be the third derivative of j**6/120 + j**5/30 - 5*j**4/24 - 2*j**3/3 - j**2 + 271. Give z(-4).
-16
Let v(f) = 6*f - 10. Let d(o) = -6*o + 13. Let j be 3/(-6)*(16/8 + 8). Let m(b) = j*v(b) - 4*d(b). Suppose w + 0 = -3. Determine m(w).
16
Suppose -219 = 72*s + 357. Let i(x) = x**3 + 11*x**2 + 21*x - 15. Calculate i(s).
9
Let u(b) = b**2 + 6*b + 9. Let z be u(-4). Let o(y) = -25*y. Let w(i) = -9*i - 1. Let q(r) = -o(r) + w(r). Determine q(z).
15
Let h(q) = 12*q**2 + 3*q**2 + 3*q**3 - 1124 + 1144 - 9*q. Let g(x) = -2*x**3 - 10*x**2 + 6*x - 13. Let v(o) = -8*g(o) - 5*h(o). Calculate v(-6).
-14
Let w = 4598 - 4578. Let b(l) = l**3 - 21*l**2 + 19*l + 26. What is b(w)?
6
Let x(d) = d**2 + 9*d - 2. Let b(h) be the first derivative of 2*h**3/3 - h**2 - 8*h + 26. Let f be b(3). Let v(n) = 2*n - 18. Let o be v(f). Give x(o).
8
Let c(q) = -q**3 - 2*q**2 + 3. Let y be c(0). Let f be (-198)/(-15) + y/(-15). Let r(n) = 3*n - f + 14 + 4*n - 3*n. Determine r(-2).
-7
Suppose 299*y - 260*y - 78 = 0. Suppose -3*u = -6*u. Let p(f) = -1 - 4*f**2 + 3*f + 0*f + u*f. What is p(y)?
-11
Let c = 5984 - 5977. Let i(n) be the third derivative of -n**4/8 - n**3/2 - 11*n**2. What is i(c)?
-24
Let l(p) = -8*p**2 - 19*p - 7. Let m(a) = -2*a**2 - 7*a - 3. Let d(y) = 3*l(y) - 8*m(y). Give d(-3).
-66
Let w(a) = a**2 - 14*a + 29. Let s be 375/(-15) - (-71 + 33). What is w(s)?
16
Let j(r) be the third derivative of r**6/120 + 7*r**5/60 + r**4/4 - 4*r**3/3 - 3816*r**2. Let m = -17 + 11. Calculate j(m).
-8
Let j(x) be the third derivative of -x**6/120 + 2*x**5/15 + x**4/12 - 4*x**3/3 - x**2 - 24*x + 34. Give j(7).
55
Let z(x) = 9 + 15 + 17 - 40 + x. Let w(g) = 4*g + 8. Suppose 3*c + 4*h - 3 + 1 = 0, 2*c + 4*h = -4. Let q(b) = c*z(b) - w(b). Calculate q(7).
12
Let d(k) = 3*k**2 - 15*k - 9. Let v(q) = q**2 - 4*q - 2. Let y(x) = -2*d(x) + 9*v(x). Let m = -29546 - -29550. Determine y(m).
24
Let r(n) = n**2 - 11*n - 13. Suppose 1 = -6*z + 79. Calculate r(z).
13
Let v(p) = 3*p**2 - 2*p + 3. Let y be v(0). Suppose u - 11 = -3*g, 22 = -g + y*u + 9. Let l(k) = -5*k**3 + 3*k**2. What is l(g)?
-28
Let y(c) = 2*c**2 + 23*c + 35. Let r be y(-10). Suppose 3*d + a + 30 = -d, r*a + 24 = -2*d. Let m(v) = -2*v - 7. What is m(d)?
7
Let t(n) = 3*n + 0*n + 5 + n + n**2 - 6 - 1. Suppose -35 = -13*m + 20*m. Give t(m).
3
Let m(j) = j**3 + j**2 - 2*j + 10. Let f be m(0). Suppose 49*h + 39 = f*h. Let t(c) = 7*c. Determine t(h).
-7
Let r(p) = -3*p**2 + 4*p - 2. Let l(w) = 14*w**2 - 35*w - 6. Let c(g) = -l(g) - 5*r(g). Give c(-12).
-20
Let p(u) = u**3 - 10*u**2 - 19*u + 85. Let y be p(11). Let b(a) = -a**2 - 5*a + 1. Let i be b(-4). Let m(j) = -j**3 + j - 4*j**2 - 5*j + 3 + i*j. Give m(y).
-9
Suppose 4*h = 3*s + 25, 4*s - 22 - 3 = -3*h. Let n(f) = -4*f + 21. Determine n(h).
-7
Suppose 65 = 5*d - x - 28, 4*x = 2*d - 12. Let h(c) = -c**2 + 22*c - 3. Determine h(d).
37
Let h = -12 + 13. Suppose 0 = 4*g - 3*k - h, -4*g - 3*k + 4*k = -3. Let y(w) = -10*w**3 - 2*w**2 + 32*w**3 + 1 - 1 - g + 2*w. Determine y(1).
21
Let p be ((-20)/(-25))/(((-6)/(-5))/(-6)). Let d be 1/4 + (-10)/8. Let c be (42/(-9))/(d + p/(-12)). Let v(i) = 2*i. Give v(c).
14
Let i(u) = 45 - 24 - 7*u - 20. Suppose 47*m - 9*m - 224 = -18*m. Determine i(m).
-27
Suppose -50*f + 1316 + 1634 = 0. Let x be (2/1)/(1/32). Let h = f - x. Let y(k) = k**2 + 5*k + 6. Give y(h).
6
Let t(u) = 2*u + 24. Let s be t(-13). Let v(f) = -3*f**2 - 6*f - 8. Let p be v(s). Let a = 2 + p. Let j(z) = z - 7. Calculate j(a).
-13
Let m(r) be the second derivative of r**5/120 + r**4/4 + r**3/6 - 5*r**2/2 + 59*r. Let n(z) be the second derivative of m(z). Determine n(-9).
-3
Let z = -39 + 45. Let k be (8/z)/((-50)/(-225)). Let a(h) = -3*h + 6. Determine a(k).
-12
Let o(m) = -26*m + 3066. Let v be o(118). Let w(c) = -2*c**3 - 7*c**2 - 11*c - 6. Calculate w(v).
4
Let c(r) = -42*r**2 - 46*r - 40. Let o(y) = 15*y**2 + 16*y + 14. Let k(p) = -4*c(p) - 11*o(p). What is k(-7)?
97
Let x(p) = p - 8. Let g(k) = -2*k + 13. Let o(b) = -4*g(b) - 7*x(b). Let f = -11 - -15. Suppose -2*i = -2, -4*d - 9 = -5*i + f. Give o(d).
2
Suppose -q = -g - 5 - 15, 4*g = 2*q - 88. Let o be -2*1/6 - (-40)/g. Let w(c) = -2*c**2 - c - 1. Give w(o).
-7
Suppose 2*x + 4*g + 22 = 0, 4*x = -4*g + 9*g + 60. Let j(v) = 2*v**3 - 11*v**2 + 8*v - 6. Calculate j(x).
9
Let n(t) be the second derivative of -3*t**5/20 - t**4/6 + t**2/2 - 749*t. What is n(-1)?
2
Let j(a) = a**3 + 8*a**2 - 3*a - 7. Let c = -63 - -95. Suppose -5*i + 4*w = 2*w + c, -3*i - 28 = w. Determine j(i).
17
Let l(u) be the second derivative of u**3/6 + 47*u**2/2 - 1988*u + 2. Determine l(0).
47
Let p(n) = -12*n**2 - 40*n - 38. Let m(s) = 7*s**2 + 22*s + 20. Let q(t) = -5*m(t) - 3*p(t). Determine q(-3).
-7
Suppose -5*b + 147 = -378. Suppose 9*y = 2*y + b. Let l be ((-18)/y)/(6/(-15)). Let j(w) = -2*w + 4. Determine j(l).
-2
Let a(d) = -17*d**3 + d**2 - 2. Let g(m) = -169*m**3 + 57*m**2 - 49*m - 66. Let y(c) = -10*a(c) + g(c). Give y(-48).
2
Let g be (-24 + 1)/(-6 - -3 - -4). Let f(z) = 2*z + 66. Give f(g).
20
Let a(c) = 4*c + 18. Let j be a(-4). Let p(f) = -4*f + 2*f**2 - f**2 + 0*f**j + f. Let m = -3 + 6. Calculate p(m).
0
Let u(j) = -j**2 - 11 - 7 + 3*j**2 + 0*j**2 + 2*j**3 + 14 + j. Determine u(-2).
-14
Let s(v) = -2*v**3 - v**2 - v. Let a be s(-1). Let h(y) = 4 - 5*y**2 + 4*y + a*y + 4*y**2 - 5*y. Let p be h(-3). Let f(k) = -2*k - 12. Determine f(p).
4
Let v(r) = r**2 + 11*r - 28. Suppose q - 61 = 5*o, 39*q + 15 = -3*o + 36*q. What is v(o)?
-28
Let s be ((-108)/(-24) - 5)*-2. Let i(k) = 33*k**3 - 2*k**2 + k. Calculate i(s).
32
Let w(o) = 3822*o**2 - 7631*o**2 + 35*o + 2 + 3812*o**2 - 6. Give w(-12).
8
Let r(d) = d**3 + 2*d**2 - d - 9. Let t(k) = -k**3 - 114*k**2 - 2*k - 224. Let v be t(-114). Determine r(v).
83
Let c(y) = -360*y**2 + 361*y**2 - 5 + 0*y - 4*y. Let m be c(4). Let l = m - -9. Let i(s) = -s**3 + 3*s**2 + 2*s - 2. What is i(l)?
-10
Let i = -357 - -532. Let b = i - 180. Let f(w) = -w**2 - 7*w - 1. Give f(b).
9
Suppose 4*a + 2*g = -3*g + 8, -g = 4*a - 24. Let v(q) be the second derivative of -q**5/20 + q**4/2 + 5*q**3/3 - 2*q**2 + 927*q. Determine v(a).
17
Let f(x) be the first derivative of 2/3*x**3 + 2 + 1/2*x**2 + 0*x. Give f(2).
10
Let f(j) = j**3 - 10*j**2 - j + 5. Let d be f(10). Let p(h) = -6*h + 10. Let r(v) = 5*v - 10. Let z(q) = d*r(q) - 4*p(q). What is z(3)?
7
Let a(r) = -r**2 + 5*r - 6. Let s(t) = 16*t + 5 - 2*t + 11*t + t**3 + 88*t**2 - 62*t**2. Let n be s(-25). Calculate a(n).
-6
Let u(l) = 2*l**3 - 2*l**2 - 2. Let g(m) = m**2 + 37*m + 211. Let r be g(-40). Let w = -328 + r. Give u(w